{"id":65,"date":"2020-02-05T17:00:00","date_gmt":"2020-02-05T17:00:00","guid":{"rendered":"http:\/\/wp.judo-club-linden.de\/?page_id=65"},"modified":"2026-03-01T20:04:03","modified_gmt":"2026-03-01T19:04:03","slug":"freizeit","status":"publish","type":"page","link":"https:\/\/www.judo-club-linden.de\/?page_id=65","title":{"rendered":"Freizeit"},"content":{"rendered":"\n<p class=\"has-medium-font-size\"><strong><u>Kirchheim 2026 &#8211; Die Gef\u00e4hrten vom Eisenberg<\/u><\/strong><\/p>\n\n\n\n<div style=\"height:10px\" aria-hidden=\"true\" class=\"wp-block-spacer\"><\/div>\n\n\n\n<div style=\"height:18px\" aria-hidden=\"true\" class=\"wp-block-spacer\"><\/div>\n\n\n\n<p class=\"has-text-align-center\"><strong>Abfahrt: 10. Oktober 2026 um 11:00 Uhr<\/strong><\/p>\n\n\n\n<p class=\"has-text-align-center\"><strong>R\u00fcckkehr: 16. Oktober 2026 gegen 14:00 Uhr<\/strong><\/p>\n\n\n\n<div style=\"height:18px\" aria-hidden=\"true\" class=\"wp-block-spacer\"><\/div>\n\n\n\n<p class=\"has-text-align-center\"><strong><mark style=\"background-color:rgba(0, 0, 0, 0)\" class=\"has-inline-color has-vivid-red-color\">ABFAHRTS- UND ANKUNFTSORT<\/mark><\/strong><\/p>\n\n\n\n<p class=\"has-text-align-center\"><strong>Vor dem Eingang der Firma ZF (ehemals Wabco)<\/strong><br>Am Lindener Hafen 21, 30453 Hannover<br><a href=\"https:\/\/maps.app.goo.gl\/b9ojC8v7hGnjvQno6\">GoogleMaps-Link<\/a><\/p>\n\n\n\n<div style=\"height:15px\" aria-hidden=\"true\" class=\"wp-block-spacer\"><\/div>\n\n\n<div\n\t\tclass=\"free align wp-block-btn-button\"\tid='btnButton-1'\n\tdata-nonce='&quot;f6d0205e4d&quot;'\n\tdata-attributes='{&quot;cPostId&quot;:65,&quot;text&quot;:&quot;Online-Anmeldung&quot;,&quot;url&quot;:&quot;https:\\\/\\\/form.jotform.com\\\/252985816882374&quot;,&quot;target&quot;:&quot;_blank&quot;,&quot;type&quot;:&quot;3d&quot;,&quot;size&quot;:&quot;large&quot;,&quot;typography&quot;:{&quot;fontSize&quot;:20,&quot;fontWeight&quot;:600,&quot;textDecoration&quot;:&quot;none&quot;},&quot;colors&quot;:{&quot;color&quot;:&quot;#fff&quot;,&quot;bg&quot;:&quot;rgba(37, 8, 250, 1)&quot;},&quot;hovColors&quot;:{&quot;color&quot;:&quot;#fff&quot;,&quot;bg&quot;:&quot;rgba(117, 105, 248, 1)&quot;},&quot;padding&quot;:{&quot;vertical&quot;:&quot;14px&quot;,&quot;horizontal&quot;:&quot;30px&quot;},&quot;shadow&quot;:[{&quot;hOffset&quot;:&quot;-5px&quot;,&quot;vOffset&quot;:&quot;6px&quot;,&quot;blur&quot;:&quot;2px&quot;,&quot;spreed&quot;:&quot;0px&quot;,&quot;color&quot;:&quot;#0006&quot;,&quot;isInset&quot;:false},{&quot;hOffset&quot;:&quot;3px&quot;,&quot;vOffset&quot;:&quot;-3px&quot;,&quot;blur&quot;:&quot;0px&quot;,&quot;spreed&quot;:&quot;2px&quot;,&quot;color&quot;:&quot;#341b7e&quot;,&quot;isInset&quot;:true}],&quot;align&quot;:&quot;&quot;,&quot;actionType&quot;:&quot;link&quot;,&quot;security&quot;:&quot;none&quot;,&quot;securityPassword&quot;:&quot;&quot;,&quot;tooltip&quot;:&quot;&quot;,&quot;tooltipPos&quot;:&quot;top&quot;,&quot;attrs&quot;:{&quot;rel&quot;:&quot;noreferrer&quot;,&quot;referrerpolicy&quot;:&quot;no-referrer&quot;},&quot;hideOn&quot;:{&quot;desktop&quot;:false,&quot;tablet&quot;:false,&quot;mobile&quot;:false},&quot;isDownload&quot;:false,&quot;downloadFileName&quot;:&quot;&quot;,&quot;isUpIcon&quot;:false,&quot;icon&quot;:{&quot;svg&quot;:&quot;&lt;svg xmlns=&#039;http:\\\/\\\/www.w3.org\\\/2000\\\/svg&#039; viewBox=&#039;0 0 512 512&#039;&gt;&lt;path d=&#039;M498.1 5.6c10.1 7 15.4 19.1 13.5 31.2l-64 416c-1.5 9.7-7.4 18.2-16 23s-18.9 5.4-28 1.6L284 427.7l-68.5 74.1c-8.9 9.7-22.9 12.9-35.2 8.1S160 493.2 160 480V396.4c0-4 1.5-7.8 4.2-10.7L331.8 202.8c5.8-6.3 5.6-16-.4-22s-15.7-6.4-22-.7L106 360.8 17.7 316.6C7.1 311.3 .3 300.7 0 288.9s5.9-22.8 16.1-28.7l448-256c10.7-6.1 23.9-5.5 34 1.4z&#039;\\\/&gt;&lt;\\\/svg&gt;&quot;},&quot;upIcon&quot;:{&quot;id&quot;:null,&quot;url&quot;:&quot;&quot;,&quot;alt&quot;:&quot;&quot;,&quot;title&quot;:&quot;&quot;},&quot;iconPos&quot;:&quot;left&quot;,&quot;isFullWidth&quot;:false,&quot;popup&quot;:{&quot;type&quot;:&quot;image&quot;,&quot;content&quot;:&quot;&quot;,&quot;caption&quot;:&quot;&quot;,&quot;width&quot;:&quot;&quot;},&quot;animationType&quot;:&quot;&quot;,&quot;animationDuration&quot;:0.4,&quot;addID&quot;:&quot;&quot;,&quot;addCSS&quot;:&quot;&quot;,&quot;alignment&quot;:&quot;center&quot;,&quot;border&quot;:{&quot;radius&quot;:&quot;5px&quot;}}'\n\tdata-info='{&quot;userRoles&quot;:[],&quot;loginURL&quot;:&quot;https:\\\/\\\/www.judo-club-linden.de\\\/wp-login.php&quot;}'\n\tdata-pipecheck=''\n><\/div>\n\n\n<div style=\"height:25px\" aria-hidden=\"true\" class=\"wp-block-spacer\"><\/div>\n\n\n\n<p>Nach erfolgter Online-Anmeldung erhaltet ihr direkt per E-Mail eine Anmeldebest\u00e4tigung mit einer Zahlungsaufforderung <strong>(Anzahlung von 50\u20ac)<\/strong>. Diese Anzahlung muss innerhalb von 14 Tagen \u00fcberwiesen werden, sonst verf\u00e4llt die Anmeldung und der Platz wird neu vergeben.<\/p>\n\n\n\n<p>Der endg\u00fcltige Betrag muss bis zum <strong>01. August 2026 (Restzahlungstermin)<\/strong> auf dem Konto eingegangen sein. Die insgesamt 45 Pl\u00e4tze werden nach Eingang der Anmeldungen (Onlineformular) und nach bestem p\u00e4dagogischen Gewissen vergeben. Unvollst\u00e4ndig ausgef\u00fcllte Anmeldeformulare werden nicht akzeptiert.<\/p>\n\n\n\n<p>Sollten Probleme, Unklarheiten oder Fragen auftauchen &#8211; auch finanzieller Art &#8211; bitte unbedingt mit uns R\u00fccksprache halten.<\/p>\n\n\n\n<p>Zum <strong>Elternabend<\/strong> wird gesondert eingeladen (ca. Mitte September).<\/p>\n\n\n\n<div style=\"height:10px\" aria-hidden=\"true\" class=\"wp-block-spacer\"><\/div>\n\n\n\n<p>Wir freuen uns auf euch!!!<\/p>\n","protected":false},"excerpt":{"rendered":"<p>Kirchheim 2026 &#8211; Die Gef\u00e4hrten vom Eisenberg Abfahrt: 10. Oktober 2026 um 11:00 Uhr R\u00fcckkehr: 16. Oktober 2026 gegen 14:00 Uhr ABFAHRTS- UND ANKUNFTSORT Vor dem Eingang der Firma ZF [&hellip;]<\/p>\n","protected":false},"author":9,"featured_media":0,"parent":0,"menu_order":0,"comment_status":"closed","ping_status":"closed","template":"","meta":{"footnotes":""},"class_list":["post-65","page","type-page","status-publish","hentry"],"_links":{"self":[{"href":"https:\/\/www.judo-club-linden.de\/index.php?rest_route=\/wp\/v2\/pages\/65","targetHints":{"allow":["GET"]}}],"collection":[{"href":"https:\/\/www.judo-club-linden.de\/index.php?rest_route=\/wp\/v2\/pages"}],"about":[{"href":"https:\/\/www.judo-club-linden.de\/index.php?rest_route=\/wp\/v2\/types\/page"}],"author":[{"embeddable":true,"href":"https:\/\/www.judo-club-linden.de\/index.php?rest_route=\/wp\/v2\/users\/9"}],"replies":[{"embeddable":true,"href":"https:\/\/www.judo-club-linden.de\/index.php?rest_route=%2Fwp%2Fv2%2Fcomments&post=65"}],"version-history":[{"count":39,"href":"https:\/\/www.judo-club-linden.de\/index.php?rest_route=\/wp\/v2\/pages\/65\/revisions"}],"predecessor-version":[{"id":17339,"href":"https:\/\/www.judo-club-linden.de\/index.php?rest_route=\/wp\/v2\/pages\/65\/revisions\/17339"}],"wp:attachment":[{"href":"https:\/\/www.judo-club-linden.de\/index.php?rest_route=%2Fwp%2Fv2%2Fmedia&parent=65"}],"curies":[{"name":"wp","href":"https:\/\/api.w.org\/{rel}","templated":true}]}}